factors of (l + 0 - 3)/(2/(-80)).
2, 5
Let z(q) = 12*q + 79. What are the prime factors of z(5)?
139
Suppose -3*j + 78 = 75. What are the prime factors of 66 + -64 - (-78 - 0/j)?
2, 5
Suppose -y - 1591 + 120 = -s, 4*s + 5*y = 5920. What are the prime factors of s?
5, 59
Suppose -5*h + 157 = m, 0*m - 5*h + 825 = 5*m. List the prime factors of m.
167
Let i(z) = z**2 - 90*z + 3. List the prime factors of i(-10).
17, 59
List the prime factors of 7 - (10682/(-2) - 8/2).
2, 3, 223
Let p = -21 + 1090. What are the prime factors of p?
1069
Suppose -s = -3*n + 457 - 1299, 2500 = 3*s + 4*n. List the prime factors of s.
2, 11, 19
Suppose -334 = -6*j + 92. Suppose 0*q - 5*q = 0. Let m = j - q. List the prime factors of m.
71
Suppose 0*b + 5 = -b + 5*w, -4*w + 4 = -5*b. Suppose b = -2*f + 290 + 70. List the prime factors of f.
2, 3, 5
Let k(o) = -1. Let p(g) = -2*g - 20. Let n(y) = 2*y + 20. Let s(w) = -3*n(w) - 4*p(w). Let u(a) = -12*k(a) - s(a). What are the prime factors of u(-15)?
2, 11
Let o(w) = -23*w - 150. What are the prime factors of o(-38)?
2, 181
Suppose 4*r - 21 = -w, -2*r - 17 + 0 = -5*w. Suppose w*c + 71 = 4*k - k, 0 = -c + 2. List the prime factors of k.
3
Let a = -1 + 5. Suppose -6 = 2*o, -x = -a*o - 41 - 41. List the prime factors of x.
2, 5, 7
What are the prime factors of ((-28)/(-12))/((-5)/(-735))?
7
Let c be (150/(-8))/((-1)/(-4)). Let k be 18*(c/9 - -3). Let p = -52 - k. What are the prime factors of p?
2, 11
Suppose 0 = 5*h + 3*g - 1508 - 847, -2*g - 1906 = -4*h. Suppose -5*l = 3*c - h, -5*l - c + 486 = -4*c. List the prime factors of l.
2, 3
Let w be 0 - (3 + (-1 - 2)). Suppose -5*i - 5 = w, i - 207 = -3*s - s. List the prime factors of s.
2, 13
Suppose 0*i + 2*i = 2*j + 72, -102 = -2*i - 4*j. Let p = i + -19. What are the prime factors of 8/(4 - p/6)?
2, 3
Let b(h) = 2*h**3 + 51*h**2 - 22*h - 58. List the prime factors of b(-25).
1117
Suppose -31727 = -24*a + 15121. What are the prime factors of a?
2, 61
Let v = -58 + 22. Let t be (1*6)/(6/v). Let g = 72 + t. List the prime factors of g.
2, 3
Suppose 8*z = 3*z + 15. Suppose q + z*q = -12. What are the prime factors of ((25 - q) + 1)*1?
29
Let m be 4/(-6)*48/(-16). Suppose -4*p + 65 = l, -7*l - 2*p = -m*l - 325. What are the prime factors of l?
5, 13
Suppose 0 = -5*u - 1496 + 6551. List the prime factors of u.
3, 337
Suppose -2*c - 4*b = -3*c + 16, 2*c + 2*b = 2. Let d(h) = 4*h**2 + 3*h - 15. What are the prime factors of d(c)?
61
Let o(u) = -426*u**3 - 11*u - 11. List the prime factors of o(-1).
2, 3, 71
List the prime factors of 471 + (2 - (-9 - -5)).
3, 53
Let s = -598 - -1059. What are the prime factors of s?
461
Let x(a) = a**3 + 11 - 7*a - 25*a**2 + 0*a**3 + 32*a**2. Let i be x(-8). Suppose -5*r = 2*w - 59 - 3, -r + 93 = i*w. List the prime factors of w.
31
Suppose -720 = -2*m - m. Suppose -35*x + m = -30*x. List the prime factors of x.
2, 3
Suppose 0 = -x + 2*m + 269, -41*m = -3*x - 38*m + 822. List the prime factors of x.
3, 31
What are the prime factors of 4 + (7/49 - (-7208)/14)?
3, 173
Suppose -12*a + 3546 + 7950 = 0. What are the prime factors of a?
2, 479
Let u(h) = 2*h + 73. Suppose 5*t - 3 = -g, 4*t + 2*g - 7*g = -15. List the prime factors of u(t).
73
Let m = -273 + 656. What are the prime factors of m?
383
Let m(p) = 28*p**2 + 5*p - 13. List the prime factors of m(-10).
7, 17, 23
Let y(x) = x**2 - 4*x - 3. Let h be y(5). Suppose 3*b = h*b + 29. Let t = 49 - b. What are the prime factors of t?
2, 5
Let j(n) = 86*n - 3. Let g be j(2). Let w(r) = -5*r + 13. Let c be w(2). Suppose -c*q + 99 = -0*i - i, -g = -5*q + 3*i. List the prime factors of q.
2
Let k(z) = -z**2 - 12*z + 13. Let j be k(-13). Suppose -6*t + 2*t + 539 = -3*i, -2*t - 2*i + 266 = j. List the prime factors of t.
2, 67
Let o(g) = g + 12. Let u be o(-12). Suppose -4*p + 6*p + j - 69 = u, 0 = -5*p + 2*j + 168. List the prime factors of p.
2, 17
Suppose -6*t - 4*t = 40. Let u(m) be the third derivative of m**5/60 + m**4/12 - 5*m**3/6 - m**2. What are the prime factors of u(t)?
3
Suppose -5*f + 6171 = -6314. List the prime factors of f.
11, 227
Let v(k) = 2*k**3 + 2*k**2 - 5*k. List the prime factors of v(7).
7, 107
Suppose -196 = -4*y - 560. What are the prime factors of ((-156)/y)/((-2)/(-42))?
2, 3
Suppose -34672 = -141*s + 130*s. List the prime factors of s.
2, 197
Let j(i) = -i**3 - i**2 - 9*i + 66. What are the prime factors of j(-12)?
2, 3, 293
Let u = -75 - -78. Suppose -u*j + 208 = -176. List the prime factors of j.
2
Let y = -306 - -547. List the prime factors of y.
241
Let x(w) = -293*w - 133. What are the prime factors of x(-5)?
2, 3, 37
Suppose -3*x - 13 - 41 = 0. Let v = -14 - x. Suppose -v*z - a + 8 = 3*a, 2*a + 4 = 0. What are the prime factors of z?
2
Let s(t) = t**2 + 8*t + 11. List the prime factors of s(16).
5, 79
Let h(p) be the first derivative of -13*p**2/2 - 9*p + 8. What are the prime factors of h(-6)?
3, 23
Let f(s) = -s**3 - 4*s**2 - 3*s + 3. Let b be f(-3). Suppose 0 = -7*l + b*l. Suppose l*u - 2*u = -82. What are the prime factors of u?
41
Let g(q) = q**3 + q**2 + 11. Let a be g(0). Let m = 12 - a. List the prime factors of (4 + m)/(2 - 1).
5
Suppose 2600 = 13*m - 0*m. List the prime factors of m.
2, 5
Suppose -5 + 17 = 2*b. List the prime factors of (-3 - b/9)*(3 - 36).
11
Suppose 4*v + 3 - 19 = 0. Let o = -9 - -5. List the prime factors of (o/1)/v - -14.
13
Suppose -3*t + 3*z - 4*z + 6 = 0, -2*t - z = -4. Suppose -t*p + 89 = -73. What are the prime factors of p?
3
Suppose 5*t = 5 - 225. Let u = t + 67. List the prime factors of u.
23
Suppose 25*r - 3017 = 18*r. List the prime factors of r.
431
Let z(g) = g + 15. Let n be z(-10). Suppose n*c - 272 = c. List the prime factors of c.
2, 17
List the prime factors of (-15)/(-60) + (-1139)/(-4).
3, 5, 19
Let s = -17 + 64. Let l = s + -33. What are the prime factors of l?
2, 7
List the prime factors of (-1)/((-2)/3180) - 3/(-3).
37, 43
Suppose 5*x - 16 = x. Suppose 13*w - 630 = x*w. List the prime factors of w.
2, 5, 7
Let m = 27 - 27. Suppose -2*z + 4*j = -410, 3*z - 614 = -m*z + 5*j. List the prime factors of z.
7, 29
List the prime factors of (-2)/((12/(-23319))/(46/69)).
2591
Let u = -5 - -7. Suppose 3*f + u*r = 17, -f - 3*r + 3 = 2. Suppose -6*h + f*h = 22. List the prime factors of h.
2, 11
Let c be (-3 - (-10)/4)*0. Let i be (c - 1)*(0 + -2). Let m(j) = 2*j**2 + 3*j - 3. What are the prime factors of m(i)?
11
Let k be 2/(-5) - (-360)/25. Suppose -10*q + k*q = 244. What are the prime factors of q?
61
Let q(g) = -125*g + 9. Let l(o) = -62*o + 5. Let p(c) = 5*l(c) - 3*q(c). List the prime factors of p(2).
2
Suppose -4 = -g - 1. Let r be ((-1 + 1)/3)/g. Suppose 5*v + 22 - 107 = r. What are the prime factors of v?
17
Suppose -18019 = -13*q + 10763. What are the prime factors of q?
2, 3, 41
Let j = 5149 - 3038. List the prime factors of j.
2111
Let c(g) = g**2 + 7*g + 8. Let r be c(-6). Let y = 13 + -16. What are the prime factors of (y - -38) + -1 + r?
2, 3
Suppose -2*n - 3 + 13 = 0. Suppose 2*z = 4*y - 5 - n, -y - 2*z = 0. Suppose 2*d = -y*t + 16, 0 = -2*t - t - 4*d + 29. What are the prime factors of t?
3
Let u = -411 - -750. List the prime factors of u.
3, 113
Suppose -5*r + 5*t = -5645, 345 - 2597 = -2*r - t. What are the prime factors of r?
7, 23
Let m = 3069 - 1236. List the prime factors of m.
3, 13, 47
Let n be 176/(-40) + 4 + 682/5. Suppose n + 48 = l. What are the prime factors of l?
2, 23
Let u(a) = 1075*a**2 - 3*a. List the prime factors of u(1).
2, 67
Let m(q) = -q - 12. Let y(u) = -u - 13. Let g(k) = 2*m(k) - 3*y(k). List the prime factors of g(16).
31
Let w be (4/(-16))/((-4)/688). Let h = w - 1. What are the prime factors of h?
2, 3, 7
Let o = -23 - -41. Suppose -5*g - o = -3*g. What are the prime factors of 0 - (-21 - g/3)?
2, 3
Let x = 20 + -120. Let h = x + 144. What are the prime factors of (h/5)/(4/10)?
2, 11
Let f = -52 - -41. Let c(m) = -13*m - 23. List the prime factors of c(f).
2, 3, 5
Let x = 533 - 188. What are the prime factors of x?
3, 5, 23
Suppose 8*r = 13*r + 1520. List the prime factors of 0/(3 + 1) - r - -2.
2, 3, 17
Suppose 0 = 5*i - 589 - 1131. Suppose -3*p = y - 58, 0 = 5*y - 3*p - i + 36. Let n = y + -39. What are the prime factors of n?
2, 11
Suppose -4*a = -6*a. Suppose 3 = -4*t - 13, a =